{"id":6,"date":"2020-11-04T18:05:17","date_gmt":"2020-11-04T17:05:17","guid":{"rendered":"http:\/\/moritzharms.de\/?page_id=6"},"modified":"2023-06-02T10:55:15","modified_gmt":"2023-06-02T08:55:15","slug":"moritz-harms-2","status":"publish","type":"page","link":"http:\/\/moritzharms.de\/","title":{"rendered":"Moritz Harms"},"content":{"rendered":"<p>[et_pb_section fb_built=&#8220;1&#8243; _builder_version=&#8220;4.6.3&#8243; _module_preset=&#8220;default&#8220; background_image=&#8220;http:\/\/moritzharms.de\/wp-content\/uploads\/2020\/11\/Moritz-Harms.jpg&#8220; custom_margin=&#8220;||||false|false&#8220; custom_padding=&#8220;||||false|false&#8220; custom_css_main_element=&#8220;height: 101vh;||display:flex;||flex-direction: column;&#8220;][et_pb_row custom_padding_last_edited=&#8220;on|tablet&#8220; _builder_version=&#8220;4.6.3&#8243; _module_preset=&#8220;default&#8220; width=&#8220;100%&#8220; max_width=&#8220;100%&#8220; module_alignment=&#8220;center&#8220; custom_margin=&#8220;||||false|false&#8220; custom_padding=&#8220;|0px||0px|false|false&#8220; custom_padding_tablet=&#8220;|50px||50px|false|false&#8220; custom_padding_phone=&#8220;|10px||10px|false|false&#8220; animation_direction=&#8220;bottom&#8220;][et_pb_column type=&#8220;4_4&#8243; _builder_version=&#8220;4.6.3&#8243; _module_preset=&#8220;default&#8220;][et_pb_image src=&#8220;http:\/\/moritzharms.de\/wp-content\/uploads\/2020\/11\/logo.png&#8220; title_text=&#8220;logo&#8220; align=&#8220;center&#8220; _builder_version=&#8220;4.6.3&#8243; _module_preset=&#8220;default&#8220; custom_padding=&#8220;0px|||||&#8220; animation_style=&#8220;slide&#8220; animation_direction=&#8220;bottom&#8220; animation_duration=&#8220;1650ms&#8220; animation_starting_opacity=&#8220;6%&#8220; custom_css_main_element=&#8220;align-items: center;&#8220;][\/et_pb_image][et_pb_text _builder_version=&#8220;4.6.3&#8243; _module_preset=&#8220;default&#8220; header_font=&#8220;Montserrat|700|||||||&#8220; header_text_align=&#8220;center&#8220; header_text_color=&#8220;#ffffff&#8220; header_font_size=&#8220;60px&#8220; custom_margin=&#8220;||1px|||&#8220; animation_style=&#8220;slide&#8220; animation_direction=&#8220;bottom&#8220; animation_duration=&#8220;1350ms&#8220; animation_intensity_slide=&#8220;28%&#8220;]<\/p>\n<h1>MORITZ HARMS<\/h1>\n<p>[\/et_pb_text][et_pb_text _builder_version=&#8220;4.6.3&#8243; _module_preset=&#8220;default&#8220; text_font=&#8220;Montserrat|300|||||||&#8220; text_text_color=&#8220;#c6c6c6&#8243; text_font_size=&#8220;30px&#8220; text_line_height=&#8220;1.2em&#8220; link_text_color=&#8220;#c6c6c6&#8243; text_orientation=&#8220;center&#8220; custom_padding=&#8220;0px||||false|false&#8220; animation_style=&#8220;slide&#8220; animation_direction=&#8220;bottom&#8220; animation_duration=&#8220;1300ms&#8220; animation_delay=&#8220;150ms&#8220; animation_intensity_slide=&#8220;25%&#8220; hover_enabled=&#8220;0&#8243; link_text_color__hover_enabled=&#8220;on|hover&#8220; link_text_color__hover=&#8220;#0c71c3&#8243; sticky_enabled=&#8220;0&#8243;]<\/p>\n<p style=\"text-align: center;\">MEDIENGESTALTER BILD &amp; TON &amp; TEXT<br \/> <a href=\"mailto:moritz@moritzharms.de \">MORITZ @ MORITZHARMS.DE<\/a> K\u00d6LN \/ EHRENFELD<\/p>\n<p>[\/et_pb_text][\/et_pb_column][\/et_pb_row][et_pb_row _builder_version=&#8220;4.6.3&#8243; _module_preset=&#8220;default&#8220; width=&#8220;100%&#8220; max_width=&#8220;100%&#8220; custom_margin=&#8220;0px||0px||false|false&#8220; custom_padding=&#8220;0px||0px||false|false&#8220;][et_pb_column type=&#8220;4_4&#8243; _builder_version=&#8220;4.6.3&#8243; _module_preset=&#8220;default&#8220;][et_pb_blurb url=&#8220;#second_sec&#8220; use_icon=&#8220;on&#8220; font_icon=&#8220;%%1%%&#8220; icon_color=&#8220;#ffffff&#8220; use_icon_font_size=&#8220;on&#8220; icon_font_size=&#8220;34px&#8220; _builder_version=&#8220;4.6.3&#8243; _module_preset=&#8220;default&#8220; animation_style=&#8220;slide&#8220; animation_direction=&#8220;top&#8220; icon_color__hover_enabled=&#8220;on|hover&#8220; icon_color__hover=&#8220;#9e9e9e&#8220;][\/et_pb_blurb][\/et_pb_column][\/et_pb_row][\/et_pb_section][et_pb_section fb_built=&#8220;1&#8243; admin_label=&#8220;Welcome To Royal&#8220; _builder_version=&#8220;4.6.3&#8243; background_color=&#8220;rgba(253,248,244,0.13)&#8220; background_position=&#8220;top_left&#8220; custom_margin=&#8220;0px||0px||false|false&#8220; custom_padding=&#8220;100px|0px|100px|0px&#8220; top_divider_style=&#8220;arrow3&#8243; top_divider_color=&#8220;rgba(0,0,0,0.03)&#8220; top_divider_height=&#8220;248px&#8220; bottom_divider_style=&#8220;asymmetric2&#8243; bottom_divider_color=&#8220;#e7e7e7&#8243; bottom_divider_height=&#8220;390px&#8220; bottom_divider_height_tablet=&#8220;&#8220; bottom_divider_height_phone=&#8220;117px&#8220; bottom_divider_height_last_edited=&#8220;on|phone&#8220; collapsed=&#8220;off&#8220;][et_pb_row column_structure=&#8220;1_2,1_2&#8243; module_id=&#8220;second_sec&#8220; _builder_version=&#8220;4.6.3&#8243; background_size=&#8220;initial&#8220; background_position=&#8220;top_left&#8220; background_repeat=&#8220;repeat&#8220; custom_margin=&#8220;|||&#8220; custom_padding=&#8220;|||&#8220;][et_pb_column type=&#8220;1_2&#8243; _builder_version=&#8220;4.6.3&#8243; background_position=&#8220;top_left&#8220; custom_padding=&#8220;0px||||false|false&#8220; custom_padding__hover=&#8220;|||&#8220;][et_pb_image src=&#8220;http:\/\/moritzharms.de\/wp-content\/uploads\/2020\/11\/Moritz-Harms-portrait.jpg&#8220; title_text=&#8220;Moritz-Harms-portrait&#8220; force_fullwidth=&#8220;on&#8220; _builder_version=&#8220;4.6.3&#8243; animation_style=&#8220;slide&#8220; animation_direction=&#8220;left&#8220; animation_intensity_slide=&#8220;10%&#8220; always_center_on_mobile=&#8220;off&#8220;][\/et_pb_image][et_pb_divider show_divider=&#8220;off&#8220; _builder_version=&#8220;3.2&#8243; max_width=&#8220;60px&#8220; module_alignment=&#8220;left&#8220; custom_margin=&#8220;||10px|&#8220; saved_tabs=&#8220;all&#8220; locked=&#8220;off&#8220;][\/et_pb_divider][\/et_pb_column][et_pb_column type=&#8220;1_2&#8243; _builder_version=&#8220;4.6.3&#8243; _module_preset=&#8220;default&#8220;][et_pb_text disabled_on=&#8220;off|off|off&#8220; _builder_version=&#8220;4.6.3&#8243; text_font=&#8220;Montserrat||||||||&#8220; header_font=&#8220;Montserrat||||||||&#8220; header_2_font=&#8220;Montserrat|300|||||||&#8220; header_2_font_size=&#8220;48px&#8220; header_2_line_height=&#8220;1.3em&#8220; background_size=&#8220;initial&#8220; background_position=&#8220;top_left&#8220; background_repeat=&#8220;repeat&#8220; text_font_size_tablet=&#8220;&#8220; text_font_size_phone=&#8220;12px&#8220; text_font_size_last_edited=&#8220;on|phone&#8220; header_2_text_align_tablet=&#8220;center&#8220; header_2_text_align_phone=&#8220;&#8220; header_2_text_align_last_edited=&#8220;on|tablet&#8220; header_2_font_size_tablet=&#8220;&#8220; header_2_font_size_phone=&#8220;43px&#8220; header_2_font_size_last_edited=&#8220;on|phone&#8220; module_alignment_tablet=&#8220;&#8220; module_alignment_phone=&#8220;&#8220; module_alignment_last_edited=&#8220;on|tablet&#8220; header_font_size__hover=&#8220;30px&#8220; header_font_size__hover_enabled=&#8220;30px&#8220; header_letter_spacing__hover=&#8220;0px&#8220; header_letter_spacing__hover_enabled=&#8220;0px&#8220; header_text_shadow_style__hover=&#8220;none&#8220; header_text_shadow_style__hover_enabled=&#8220;none&#8220; header_text_shadow_color__hover=&#8220;rgba(0,0,0,0.4)&#8220; header_text_shadow_color__hover_enabled=&#8220;rgba(0,0,0,0.4)&#8220; custom_css_main_element_last_edited=&#8220;on|tablet&#8220;]<\/p>\n<h2>TEXT, BILD &amp; TON<\/h2>\n<p>[\/et_pb_text][et_pb_text content_tablet=&#8220;<\/p>\n<p>Nat\u00fcrlich kann man meine Texte drucken. Besser aber ist es, man spricht sie. Es ist ein grundlegender Unterschied, ob S\u00e4tze gelesen oder geh\u00f6rt werden. Nochmal v\u00f6llig anders ist es, wenn es Bilder zu den Worten gibt. Denn Text, der Bilder begleitet, ohne sie zu beschreiben, ist eine Kunst f\u00fcr sich. Schicken Sie mir gerne ihre Videodateien zu. Da l\u00e4sst sich mit den richtigen Worten im richtigen Ton sicher noch ordentlich was rausholen.<\/p>\n<p>moritz harms<br \/> TV-Texter<\/p>\n<\/p>\n<p>&#8220; content_phone=&#8220;<\/p>\n<p>Nat\u00fcrlich kann man meine Texte drucken. Besser aber ist es, man spricht sie. Es ist ein grundlegender Unterschied, ob S\u00e4tze gelesen oder geh\u00f6rt werden. Nochmal v\u00f6llig anders ist es, wenn es Bilder zu den Worten gibt. Denn Text, der Bilder begleitet, ohne sie zu beschreiben, ist eine Kunst f\u00fcr sich. Schicken Sie mir gerne ihre Videodateien zu. Da l\u00e4sst sich mit den richtigen Worten im richtigen Ton sicher noch ordentlich was rausholen.<\/p>\n<p>moritz harms<br \/> TV-Texter<\/p>\n<\/p>\n<p>&#8220; content_last_edited=&#8220;on|phone&#8220; _builder_version=&#8220;4.6.3&#8243; text_font=&#8220;Montserrat||||&#8220; text_text_color=&#8220;rgba(0,0,0,0.65)&#8220; text_font_size=&#8220;17px&#8220; text_line_height=&#8220;1.8em&#8220; header_font=&#8220;||||&#8220; background_size=&#8220;initial&#8220; background_position=&#8220;top_left&#8220; background_repeat=&#8220;repeat&#8220; text_orientation=&#8220;justified&#8220; max_width=&#8220;300px&#8220; max_width_tablet=&#8220;400px&#8220; max_width_phone=&#8220;340px&#8220; max_width_last_edited=&#8220;on|tablet&#8220; module_alignment=&#8220;left&#8220; custom_margin=&#8220;||||false|false&#8220; custom_margin_tablet=&#8220;|auto||auto|false|false&#8220; custom_margin_phone=&#8220;&#8220; custom_margin_last_edited=&#8220;on|tablet&#8220; custom_padding=&#8220;||||false|false&#8220; animation_style=&#8220;slide&#8220; animation_direction=&#8220;top&#8220; animation_intensity_slide=&#8220;4%&#8220; text_font_size_tablet=&#8220;21px&#8220; text_font_size_phone=&#8220;17px&#8220; text_font_size_last_edited=&#8220;on|phone&#8220; text_orientation_tablet=&#8220;justified&#8220; text_orientation_phone=&#8220;&#8220; text_orientation_last_edited=&#8220;on|tablet&#8220; module_alignment_tablet=&#8220;center&#8220; module_alignment_phone=&#8220;center&#8220; module_alignment_last_edited=&#8220;on|desktop&#8220; custom_css_main_element_last_edited=&#8220;on|desktop&#8220; custom_css_main_element_tablet=&#8220;margin: auto;&#8220; custom_css_main_element_phone=&#8220;margin: auto;&#8220; custom_margin__hover_enabled=&#8220;off|desktop&#8220;]<\/p>\n<p style=\"text-align: justify;\">Nat\u00fcrlich kann man meine Texte drucken. Besser aber ist es, man spricht sie. Es ist ein grundlegender Unterschied, ob S\u00e4tze gelesen oder geh\u00f6rt werden. Nochmal v\u00f6llig anders ist es, wenn es Bilder zu den Worten gibt. Denn Text, der Bilder begleitet, ohne sie zu beschreiben, ist eine Kunst f\u00fcr sich. Schicken Sie mir gerne ihre Videodateien zu. Da l\u00e4sst sich mit den richtigen Worten im richtigen Ton sicher noch ordentlich was rausholen.<\/p>\n<p style=\"text-align: justify;\">moritz harms<br \/> TV-Texter<\/p>\n<p style=\"text-align: justify;\">[\/et_pb_text][\/et_pb_column][\/et_pb_row][\/et_pb_section][et_pb_section fb_built=&#8220;1&#8243; admin_label=&#8220;Fresh Ingredients&#8220; _builder_version=&#8220;4.6.3&#8243; background_color=&#8220;#e7e7e7&#8243; background_position=&#8220;top_left&#8220; custom_margin=&#8220;1px||0px||false|false&#8220; custom_padding=&#8220;100px|0px|100px|0px&#8220; top_divider_color=&#8220;rgba(0,0,0,0.03)&#8220; top_divider_height=&#8220;248px&#8220; top_divider_flip=&#8220;vertical&#8220; bottom_divider_style=&#8220;asymmetric2&#8243; bottom_divider_color=&#8220;#dcdcdc&#8220; bottom_divider_height=&#8220;414px&#8220; bottom_divider_repeat=&#8220;0x&#8220; bottom_divider_flip=&#8220;vertical&#8220; border_color_all=&#8220;rgba(0,0,0,0)&#8220; border_style_all=&#8220;none&#8220;][et_pb_row _builder_version=&#8220;3.25&#8243; background_size=&#8220;initial&#8220; background_position=&#8220;top_left&#8220; background_repeat=&#8220;repeat&#8220; custom_padding=&#8220;14px|0px|27px|0px||&#8220; custom_width_px=&#8220;1774px&#8220;][et_pb_column type=&#8220;4_4&#8243; _builder_version=&#8220;3.25&#8243; custom_padding=&#8220;|||&#8220; custom_padding__hover=&#8220;|||&#8220;][et_pb_divider show_divider=&#8220;off&#8220; _builder_version=&#8220;4.6.3&#8243; max_width=&#8220;60px&#8220; module_alignment=&#8220;center&#8220; custom_margin=&#8220;||10px|&#8220; saved_tabs=&#8220;all&#8220; locked=&#8220;off&#8220;][\/et_pb_divider][et_pb_text disabled_on=&#8220;off|off|off&#8220; _builder_version=&#8220;4.6.3&#8243; text_font=&#8220;||||||||&#8220; text_line_height=&#8220;1.6em&#8220; header_font=&#8220;Montserrat|700|||||||&#8220; header_font_size=&#8220;70px&#8220; header_2_font=&#8220;Montserrat|200|||||||&#8220; header_2_font_size=&#8220;48px&#8220; background_size=&#8220;initial&#8220; background_position=&#8220;top_left&#8220; background_repeat=&#8220;repeat&#8220; text_orientation=&#8220;center&#8220; animation_style=&#8220;slide&#8220; animation_direction=&#8220;bottom&#8220; animation_intensity_slide=&#8220;6%&#8220; animation_starting_opacity=&#8220;19%&#8220; text_text_color_tablet=&#8220;&#8220; text_text_color_phone=&#8220;&#8220; text_text_color_last_edited=&#8220;on|phone&#8220; header_2_font_size_tablet=&#8220;&#8220; header_2_font_size_phone=&#8220;50px&#8220; header_2_font_size_last_edited=&#8220;on|desktop&#8220; header_font_size__hover=&#8220;30px&#8220; header_font_size__hover_enabled=&#8220;30px&#8220; header_letter_spacing__hover=&#8220;0px&#8220; header_letter_spacing__hover_enabled=&#8220;0px&#8220; header_text_shadow_style__hover=&#8220;none&#8220; header_text_shadow_style__hover_enabled=&#8220;none&#8220; header_text_shadow_color__hover=&#8220;rgba(0,0,0,0.4)&#8220; header_text_shadow_color__hover_enabled=&#8220;rgba(0,0,0,0.4)&#8220;]<\/p>\n<h2>SHOWREEL<\/h2>\n<h1>2020<\/h1>\n<p>[\/et_pb_text][et_pb_video src=&#8220;https:\/\/vimeo.com\/473348841&#8243; _builder_version=&#8220;4.6.3&#8243; _module_preset=&#8220;default&#8220; animation_style=&#8220;slide&#8220; animation_direction=&#8220;bottom&#8220; animation_intensity_slide=&#8220;15%&#8220; animation_starting_opacity=&#8220;84%&#8220;][\/et_pb_video][\/et_pb_column][\/et_pb_row][\/et_pb_section][et_pb_section fb_built=&#8220;1&#8243; admin_label=&#8220;Fresh Ingredients&#8220; _builder_version=&#8220;4.6.3&#8243; background_color=&#8220;#dcdcdc&#8220; background_position=&#8220;top_left&#8220; custom_margin=&#8220;1px||0px||false|false&#8220; custom_padding=&#8220;100px|0px|100px|0px&#8220; top_divider_color=&#8220;rgba(0,0,0,0.03)&#8220; top_divider_height=&#8220;248px&#8220; top_divider_flip=&#8220;vertical&#8220; bottom_divider_style=&#8220;slant2&#8243; bottom_divider_color=&#8220;#e7e7e7&#8243; border_color_all=&#8220;rgba(0,0,0,0)&#8220; border_style_all=&#8220;none&#8220;][et_pb_row _builder_version=&#8220;3.25&#8243; background_size=&#8220;initial&#8220; background_position=&#8220;top_left&#8220; background_repeat=&#8220;repeat&#8220; custom_padding=&#8220;14px|0px|27px|0px||&#8220; custom_width_px=&#8220;1774px&#8220;][et_pb_column type=&#8220;4_4&#8243; _builder_version=&#8220;3.25&#8243; custom_padding=&#8220;|||&#8220; custom_padding__hover=&#8220;|||&#8220;][et_pb_divider show_divider=&#8220;off&#8220; _builder_version=&#8220;4.6.3&#8243; max_width=&#8220;60px&#8220; module_alignment=&#8220;center&#8220; custom_margin=&#8220;||10px|&#8220; saved_tabs=&#8220;all&#8220; locked=&#8220;off&#8220;][\/et_pb_divider][et_pb_text disabled_on=&#8220;off|off|off&#8220; _builder_version=&#8220;4.6.3&#8243; text_font=&#8220;||||||||&#8220; text_line_height=&#8220;1.6em&#8220; header_font=&#8220;Montserrat|700|||||||&#8220; header_font_size=&#8220;70px&#8220; header_2_font=&#8220;Montserrat|200|||||||&#8220; header_2_font_size=&#8220;48px&#8220; background_size=&#8220;initial&#8220; background_position=&#8220;top_left&#8220; background_repeat=&#8220;repeat&#8220; text_orientation=&#8220;center&#8220; animation_style=&#8220;slide&#8220; animation_direction=&#8220;bottom&#8220; animation_intensity_slide=&#8220;6%&#8220; animation_starting_opacity=&#8220;19%&#8220; text_text_color_tablet=&#8220;&#8220; text_text_color_phone=&#8220;&#8220; text_text_color_last_edited=&#8220;on|phone&#8220; header_2_font_size_tablet=&#8220;&#8220; header_2_font_size_phone=&#8220;50px&#8220; header_2_font_size_last_edited=&#8220;on|phone&#8220; header_font_size__hover=&#8220;30px&#8220; header_font_size__hover_enabled=&#8220;30px&#8220; header_letter_spacing__hover=&#8220;0px&#8220; header_letter_spacing__hover_enabled=&#8220;0px&#8220; header_text_shadow_style__hover=&#8220;none&#8220; header_text_shadow_style__hover_enabled=&#8220;none&#8220; header_text_shadow_color__hover=&#8220;rgba(0,0,0,0.4)&#8220; header_text_shadow_color__hover_enabled=&#8220;rgba(0,0,0,0.4)&#8220;]<\/p>\n<h2>SHOWREEL<\/h2>\n<h1>2015<\/h1>\n<p>[\/et_pb_text][et_pb_video src=&#8220;https:\/\/vimeo.com\/363648648&#8243; _builder_version=&#8220;4.6.3&#8243; _module_preset=&#8220;default&#8220; animation_style=&#8220;slide&#8220; animation_direction=&#8220;bottom&#8220; animation_intensity_slide=&#8220;15%&#8220; animation_starting_opacity=&#8220;84%&#8220;][\/et_pb_video][\/et_pb_column][\/et_pb_row][\/et_pb_section]<\/p>\n","protected":false},"excerpt":{"rendered":"<p>[et_pb_section fb_built=&#8220;1&#8243; _builder_version=&#8220;4.6.3&#8243; _module_preset=&#8220;default&#8220; background_image=&#8220;http:\/\/moritzharms.de\/wp-content\/uploads\/2020\/11\/Moritz-Harms.jpg&#8220; custom_margin=&#8220;||||false|false&#8220; custom_padding=&#8220;||||false|false&#8220; custom_css_main_element=&#8220;height: 101vh;||display:flex;||flex-direction: column;&#8220;][et_pb_row custom_padding_last_edited=&#8220;on|tablet&#8220; _builder_version=&#8220;4.6.3&#8243; _module_preset=&#8220;default&#8220; width=&#8220;100%&#8220; max_width=&#8220;100%&#8220; module_alignment=&#8220;center&#8220; custom_margin=&#8220;||||false|false&#8220; custom_padding=&#8220;|0px||0px|false|false&#8220; custom_padding_tablet=&#8220;|50px||50px|false|false&#8220; custom_padding_phone=&#8220;|10px||10px|false|false&#8220; animation_direction=&#8220;bottom&#8220;][et_pb_column type=&#8220;4_4&#8243; _builder_version=&#8220;4.6.3&#8243; _module_preset=&#8220;default&#8220;][et_pb_image src=&#8220;http:\/\/moritzharms.de\/wp-content\/uploads\/2020\/11\/logo.png&#8220; title_text=&#8220;logo&#8220; align=&#8220;center&#8220; _builder_version=&#8220;4.6.3&#8243; _module_preset=&#8220;default&#8220; custom_padding=&#8220;0px|||||&#8220; animation_style=&#8220;slide&#8220; animation_direction=&#8220;bottom&#8220; animation_duration=&#8220;1650ms&#8220; animation_starting_opacity=&#8220;6%&#8220; custom_css_main_element=&#8220;align-items: center;&#8220;][\/et_pb_image][et_pb_text _builder_version=&#8220;4.6.3&#8243; _module_preset=&#8220;default&#8220; header_font=&#8220;Montserrat|700|||||||&#8220; header_text_align=&#8220;center&#8220; header_text_color=&#8220;#ffffff&#8220; header_font_size=&#8220;60px&#8220; custom_margin=&#8220;||1px|||&#8220; animation_style=&#8220;slide&#8220; animation_direction=&#8220;bottom&#8220; animation_duration=&#8220;1350ms&#8220; animation_intensity_slide=&#8220;28%&#8220;] MORITZ HARMS [\/et_pb_text][et_pb_text _builder_version=&#8220;4.6.3&#8243; _module_preset=&#8220;default&#8220; text_font=&#8220;Montserrat|300|||||||&#8220; text_text_color=&#8220;#c6c6c6&#8243; text_font_size=&#8220;30px&#8220; [&hellip;]<\/p>\n","protected":false},"author":1,"featured_media":0,"parent":0,"menu_order":0,"comment_status":"closed","ping_status":"closed","template":"","meta":{"_et_pb_use_builder":"on","_et_pb_old_content":"","_et_gb_content_width":"","inline_featured_image":false},"_links":{"self":[{"href":"http:\/\/moritzharms.de\/index.php?rest_route=\/wp\/v2\/pages\/6"}],"collection":[{"href":"http:\/\/moritzharms.de\/index.php?rest_route=\/wp\/v2\/pages"}],"about":[{"href":"http:\/\/moritzharms.de\/index.php?rest_route=\/wp\/v2\/types\/page"}],"author":[{"embeddable":true,"href":"http:\/\/moritzharms.de\/index.php?rest_route=\/wp\/v2\/users\/1"}],"replies":[{"embeddable":true,"href":"http:\/\/moritzharms.de\/index.php?rest_route=%2Fwp%2Fv2%2Fcomments&post=6"}],"version-history":[{"count":89,"href":"http:\/\/moritzharms.de\/index.php?rest_route=\/wp\/v2\/pages\/6\/revisions"}],"predecessor-version":[{"id":362,"href":"http:\/\/moritzharms.de\/index.php?rest_route=\/wp\/v2\/pages\/6\/revisions\/362"}],"wp:attachment":[{"href":"http:\/\/moritzharms.de\/index.php?rest_route=%2Fwp%2Fv2%2Fmedia&parent=6"}],"curies":[{"name":"wp","href":"https:\/\/api.w.org\/{rel}","templated":true}]}}